(k). What is u(-7)?
-11
Let d(h) be the second derivative of -h**6/120 + h**5/60 + h**4/24 + 5*h**3/6 + 11*h**2 - 6*h + 7. Let u(i) be the first derivative of d(i). Calculate u(0).
5
Let o(a) = a - 8. Let p(c) = 39*c**2 - 11*c + 22. Let y be p(4). Suppose y = -5*r + 567. Calculate o(r).
-15
Let h(q) = -83*q + 120. Let s(c) = 72*c - 119. Let a(u) = 5*h(u) + 6*s(u). Determine a(7).
5
Let k(y) = 20*y + 2. Let l(m) = -10 + 2 - 11*m + 7. Let d(b) = -4*k(b) - 7*l(b). What is d(3)?
-10
Let w(d) = d**3 + 5*d**2 + 6*d + 16. Let m be -2 + 30/(-20)*-2*(0 - 1). Determine w(m).
-14
Let m(d) = 2 - 6 - 2*d + 2. Let j(b) = -45*b**2 + 12*b + 87*b**2 - 39*b**2 - 7. Let k be j(-4). What is m(k)?
12
Let c(o) = -121 + 12*o + 62 + 34. Calculate c(6).
47
Let n = 26 + -24. Let j(d) = 6 - n*d + 0*d + 3 + 2. Let k(u) = 6*u - 3. Let m be k(2). What is j(m)?
-7
Let h(i) be the third derivative of i**6/120 - 7*i**5/60 + 5*i**4/12 + 4*i**3/3 + 43*i**2. Determine h(5).
8
Suppose 0 = 4*f + 23 + 1. Let t(v) be the third derivative of 0*v + 0 + 1/24*v**4 + 15*v**2 + 7/6*v**3. Give t(f).
1
Let r(j) = j**3 - j**2. Suppose -6 = -0*z - 3*z. Let s(y) = 28*y - 448. Let q be s(16). Suppose 4*g + 4 = 3*c, 3*c + q*c - z*g = 2. Determine r(c).
0
Let t(g) = g**2 + 5*g - 5. Suppose -3*f + 33 + 108 = 0. Let a = -52 + f. Let p be t(a). Let q(k) = k**3 + 6*k**2 + 4*k + 6. Calculate q(p).
11
Let c(r) = r**2 + 8*r + 1. Let k = -121 + 465. Let j = 338 - k. Give c(j).
-11
Let l(b) = -17 + 150*b + 153*b + 108 - 307*b. Calculate l(23).
-1
Let z be (3/(-15))/(24/90)*8/(-6). Let u(d) = -9*d**3 - 3*d**2 + 3*d + 2. Let n(t) = -45*t**3 - 16*t**2 + 16*t + 11. Let h(i) = 2*n(i) - 11*u(i). Give h(z).
9
Suppose -34*q - 64*q + 270 = -8*q. Let u(b) = 10*b - 36. Give u(q).
-6
Suppose -3*a + p + 22 = -6, -2*a + 21 = -3*p. Let n(w) = -5*w + 4. Calculate n(a).
-41
Let f(h) = -20*h - 9. Let t(r) = 29*r - 784. Let x be t(27). Calculate f(x).
11
Suppose 0 = 3*s + 5*i + 56, -2*s - 6012*i + 6013*i = 7. Let z(b) = -b**3 - 7*b**2 + 7*b + 47. Calculate z(s).
-2
Let s(j) = -50*j - 27. Let q(t) = -45*t - 24. Let y(n) = -6*q(n) + 5*s(n). Determine y(3).
69
Let k(p) = 10*p - 2. Let y(c) = -71*c + 214. Let r(u) = 6*k(u) + y(u). Calculate r(19).
-7
Let t(p) = 7*p + 6. Let c(g) = -4*g - 4. Let i(f) = -8*c(f) - 5*t(f). Let m(a) = a + 11. Suppose h = 3*h + 18. Let s be m(h). Determine i(s).
-4
Let b(y) = 3*y**2 + 39*y - 23. Let c be (-3*2/8)/(51/34)*26. Give b(c).
-23
Let n(p) = p**3 + 12*p**2 - 10*p + 7. Suppose -27*v = -28*v + 12 - 25. Determine n(v).
-32
Let h(i) be the third derivative of 5*i**4/24 + 15*i**3 - 2359*i**2. Determine h(-18).
0
Let l(z) = -z**3 + 25*z - 24*z + 5*z**2 + 12*z**2 - 215 + 217 - 16*z**2. Let s(o) = -o**2 - 1. Let w be s(-1). What is l(w)?
12
Let u(c) be the first derivative of -c**4/2 - 14*c**3/3 - 7*c - 12. Let b(i) = -i**3 - 35*i**2 + 36*i - 7. Let f be b(-36). Give u(f).
-7
Let z(i) = -2*i + 40. Let w be z(17). Suppose 12 + w = -2*o. Let a(c) = c - 3. Give a(o).
-12
Suppose -9 = 4*n - 105. Let z(c) = c**2 - n + 9 + 0*c**2 + 8. Let u(v) = v**2 + 7*v - 744. Let p be u(-31). What is z(p)?
-7
Suppose 267*g - 270*g + 9 = 0. Let i(f) be the third derivative of f**2 + 0 + 0*f + 1/3*f**g + 1/6*f**4. Calculate i(-3).
-10
Let n be (-1)/(((-2)/(-13))/2). Let b(t) be the third derivative of -t**4/12 - 19*t**3/6 + 2*t**2 - 5294. Give b(n).
7
Let w(z) be the second derivative of 13*z + 0 + 0*z**3 - 1/4*z**5 - 1/6*z**4 + 1/2*z**2. Let y be (-7)/21 - (-2)/(-3). Calculate w(y).
4
Let y(d) = 14*d + 45*d - 1242170*d**2 + 1242171*d**2 - 188. Give y(-62).
-2
Let a(y) = 1895*y - 5*y**2 + 5*y**2 + y**2 - 1888*y. What is a(-5)?
-10
Let q(v) = -2*v + 1. Let c be -2 - (-180)/(-5) - -4. Let l be -32 + (6 - 4 - 1). Let u = l - c. Calculate q(u).
-5
Let g(p) = -15*p - 40. Let k be g(-5). Let t(a) = -a**2 + 35*a - 6. Let b be t(k). Let z(r) = -r**2 - 4*r - 9. Calculate z(b).
-21
Let m(q) be the third derivative of q**5/60 + q**4/8 - 2*q**3/3 - 13*q**2. Suppose 18*n = -561 + 507. Determine m(n).
-4
Suppose h + 3*h = q - 8, 4*h - 3*q = 0. Let c be (3 - 2)/(-2 - h). Let z(a) = 58*a + 13. Let y(s) = 4*s + 1. Let u(m) = -39*y(m) + 3*z(m). Give u(c).
18
Suppose -2*l = 3*y - 16, -5*l + 36 - 3 = 4*y. Let x be y - (24/4 + 0). Let q(z) be the first derivative of -z**4/4 - 5*z**3/3 - 5*z**2/2 - 6*z - 222. Give q(x).
-2
Suppose -4*n + 3 = -3*n. Suppose 5*r - 4*k - 4 = r, 4*r - 2*k - 14 = 0. Let t(c) = 2 - 19*c - c**2 + 12*c + r*c - c**2 + c**3. Determine t(n).
8
Let l(c) = 41275*c + 11*c**2 + 2*c**3 - c**3 - 41268*c - 37. Give l(-10).
-7
Let x(w) = 4 + 3 - 5 - 4. Let j(h) = -h + 20. Let p(t) = -j(t) - 3*x(t). Determine p(11).
-3
Let r(y) = -14*y + 7. Let u = -13063 - -13069. Calculate r(u).
-77
Let f = 472 - 444. Suppose 5 = -23*m + f. Let a(n) = -7*n**3 - 1. What is a(m)?
-8
Let g(n) = -n**2 + 1. Let j(f) = -23*f - 734. Let x be j(-32). Calculate g(x).
-3
Let m = -90 + 92. Let l(i) = 38 - 39 + i + m*i**2 + 0*i**2. Determine l(1).
2
Let m(v) = 24*v**2 - 1. Let w(n) = 45*n + 68. Let t(q) = -q**2 + 133*q + 203. Let f(j) = 2*t(j) - 7*w(j). Let x be f(-23). Give m(x).
23
Let n(g) be the second derivative of -g**4/12 - 5*g**3/2 + g**2/2 + 532*g. Determine n(-7).
57
Let a(i) be the first derivative of 1/6*i**4 - 20 + 4/3*i**3 - 5/2*i**2 + 8*i. Let h(l) be the first derivative of a(l). Determine h(-6).
19
Suppose 3 + 9 = 2*z. Let w(m) = 3*m**3 - 7*m**2 + 5*m - 8. Let x(h) = -10*h**3 + 22*h**2 - 20*h + 26. Let f(g) = -7*w(g) - 2*x(g). What is f(z)?
-2
Let l be (-92)/207*27/6. Let c be (10 + 252/(-24))*(-28)/l. Let a(j) = j**2 + 6*j + 2. Calculate a(c).
9
Let g be 348/(-48) + (-5 - -12) + 10/8. Let v(u) = -u**2 - 12*u + 11. Determine v(g).
-2
Let i = 188 + -36. Let t = 157 - i. Let l(v) = -v**3 + 6*v**2 - 3*v + 6. Calculate l(t).
16
Suppose 5*k + 999 = 994. Let t(h) = 24*h**3 - h**2 - 2*h. Determine t(k).
-23
Let u(h) = -2*h + 1. Suppose 69 = -8*f - 107. Let g = f + 22. Suppose g = -2*x + 7*x - 25. What is u(x)?
-9
Let l(v) be the first derivative of -5*v**2 - 125*v + 5809. Calculate l(-12).
-5
Let v(b) = 115 + 51*b - 125 - 164 - 332. What is v(10)?
4
Suppose 10 = q + 2*m, -3*q + 3*m + 2 + 1 = 0. Let l be (-1)/(7/(-168)) - (3 + -1). Let g(c) = q*c**2 + l*c + 22*c - 44*c. Give g(2).
16
Let o(c) = -510*c**2 + c - 1306*c**2 + 1815*c**2 - 23. Calculate o(-10).
-133
Let d(y) be the first derivative of -y**7/105 - y**5/120 + y**4/24 + 5*y**3 + y**2 + 51. Let r(c) be the third derivative of d(c). What is r(1)?
-8
Let x(u) = 7*u**3 + 6*u**2 + 13*u - 22. Let j(b) = 8*b**3 + 5*b**2 + 14*b - 23. Let o(n) = 6*j(n) - 7*x(n). Suppose 54*t - 2 = -596. What is o(t)?
-28
Let q(x) be the first derivative of x**5/5 - x**4/6 + x**2/2 + 79*x - 91. Let i(s) be the first derivative of q(s). What is i(1)?
3
Let b(r) = 2*r - 1. Let w = -495 + 463. Let o be w/(-6)*27/(-18). Give b(o).
-17
Let p(g) = -g**2 - 7*g + 1. Suppose -725 = 15*b - 3515. Let x = b + -195. What is p(x)?
-17
Let s(a) = 3*a**3 - 2*a**2 - 9*a. Let b(n) = -n**3 + n**2 + 2*n - 1. Let q(y) = -4*b(y) - s(y). Calculate q(0).
4
Let w(u) = u**3 + 5*u**2 + 7*u - 6. Let h = -7720 + 7716. Give w(h).
-18
Let b(r) = 2*r**2 + r + 3. Let q(k) = 1 - 4 - 3 - k**2 - k + 2. Let o(d) = 3*b(d) + 2*q(d). Let i = -17 + 15. What is o(i)?
15
Let u(v) = v**2 - 8*v - 5. Let j be 1/(-7) + (-3836)/(-98). Suppose 4*t + o = j, -5*o = 4*t - 0*o - 51. Calculate u(t).
4
Let v(g) = -3*g - 6. Let h(i) = -i**2 - 2383*i - 8 - 23 + 2407*i. Let f be h(23). Determine v(f).
18
Suppose 59 = -x + 3*m, 2*m + 3 + 5 = 0. Let y = 69 + x. Let d be y/11 + (-80)/44. Let c(s) = -s**2 + 3*s + 3. Determine c(d).
-7
Let f(m) = -m + 4 - 25 + 0 - 3 + 21. Let c(n) = n + 5. Let o(d) = -5*c(d) - 8*f(d). Let l be 4*1 + (-2 - 0). Give o(l).
5
Let y(o) = -o**3 + o. Let g(w) = -10*w**3 + 11*w**2 + 16*w - 74. Let r(k) = -g(k) + 9*y(k). Determine r(11).
-3
Let g(w) be the third derivative of -w**6/120 - w**5/60 - w**4/24 - 16*w**3/3 - w**2. Suppose -624*j + 617*j = 0. Determine g(j).
-32
Suppose 5*j - 8*j + 6 = 0. Let y(s) = 0*s**j - 3*s**2 - s**3 - s - 15*s**3 + s**2. Let i = 470 + -471. Determine y(i).
15
Let p(i) = i**2 + 22*i + 40. Suppose 10*s + 20*s + 21*s = -1020. What is p(s)?
0
Let o(i) = i**3 + 5*i**2 + 8*i + 8. Let u be o(-4). Let b(t) = -9*t + 88. Let